{"id":63,"date":"2016-11-08T08:47:55","date_gmt":"2016-11-08T08:47:55","guid":{"rendered":"http:\/\/localhost\/www\/Zylothemes\/Easyway\/?page_id=63"},"modified":"2025-04-17T16:18:47","modified_gmt":"2025-04-17T16:18:47","slug":"blog-left-sidebar","status":"publish","type":"page","link":"https:\/\/teosecurity.com\/teo\/?page_id=63","title":{"rendered":"Investigacion"},"content":{"rendered":"\n<p>Tiene una situaci\u00f3n irregular en su empresa y no sabe que soluci\u00f3n implementar podemos ayudarle a utilizar diversas estrategias y tecnolog\u00edas.<\/p>\n\n\n\n<p>Cu\u00e9ntenos su caso y le haremos recomendaciones sobre qu\u00e9 equipo adquirir y el protocolo a seguir para que ahorre dinero y tiempo relaci\u00f3n costo\/ beneficios.<\/p>\n\n\n\n<p><\/p>\n","protected":false},"excerpt":{"rendered":"<p>Tiene una situaci\u00f3n irregular en su empresa y no sabe que soluci\u00f3n implementar podemos ayudarle a utilizar diversas estrategias y tecnolog\u00edas. Cu\u00e9ntenos su caso y le haremos recomendaciones sobre qu\u00e9 equipo adquirir y el protocolo a seguir para que ahorre dinero y tiempo relaci\u00f3n costo\/ beneficios.<\/p>\n","protected":false},"author":1,"featured_media":0,"parent":0,"menu_order":0,"comment_status":"closed","ping_status":"closed","template":"template-no-sidebar.php","meta":{"footnotes":""},"class_list":["post-63","page","type-page","status-publish","hentry"],"yoast_head":"<!-- This site is optimized with the Yoast SEO plugin v24.9 - https:\/\/yoast.com\/wordpress\/plugins\/seo\/ -->\n<title>Investigacion - Somos TEO<\/title>\n<meta name=\"robots\" content=\"index, follow, max-snippet:-1, max-image-preview:large, max-video-preview:-1\" \/>\n<link rel=\"canonical\" href=\"https:\/\/teosecurity.com\/teo\/?page_id=63\" \/>\n<meta property=\"og:locale\" content=\"es_ES\" \/>\n<meta property=\"og:type\" content=\"article\" \/>\n<meta property=\"og:title\" content=\"Investigacion - Somos TEO\" \/>\n<meta property=\"og:description\" content=\"Tiene una situaci\u00f3n irregular en su empresa y no sabe que soluci\u00f3n implementar podemos ayudarle a utilizar diversas estrategias y tecnolog\u00edas. Cu\u00e9ntenos su caso y le haremos recomendaciones sobre qu\u00e9 equipo adquirir y el protocolo a seguir para que ahorre dinero y tiempo relaci\u00f3n costo\/ beneficios.\" \/>\n<meta property=\"og:url\" content=\"https:\/\/teosecurity.com\/teo\/?page_id=63\" \/>\n<meta property=\"og:site_name\" content=\"Somos TEO\" \/>\n<meta property=\"article:modified_time\" content=\"2025-04-17T16:18:47+00:00\" \/>\n<meta name=\"twitter:card\" content=\"summary_large_image\" \/>\n<meta name=\"twitter:label1\" content=\"Tiempo de lectura\" \/>\n\t<meta name=\"twitter:data1\" content=\"1 minuto\" \/>\n<script type=\"application\/ld+json\" class=\"yoast-schema-graph\">{\"@context\":\"https:\/\/schema.org\",\"@graph\":[{\"@type\":\"WebPage\",\"@id\":\"https:\/\/teosecurity.com\/teo\/?page_id=63\",\"url\":\"https:\/\/teosecurity.com\/teo\/?page_id=63\",\"name\":\"Investigacion - Somos TEO\",\"isPartOf\":{\"@id\":\"https:\/\/teosecurity.com\/teo\/#website\"},\"datePublished\":\"2016-11-08T08:47:55+00:00\",\"dateModified\":\"2025-04-17T16:18:47+00:00\",\"breadcrumb\":{\"@id\":\"https:\/\/teosecurity.com\/teo\/?page_id=63#breadcrumb\"},\"inLanguage\":\"es\",\"potentialAction\":[{\"@type\":\"ReadAction\",\"target\":[\"https:\/\/teosecurity.com\/teo\/?page_id=63\"]}]},{\"@type\":\"BreadcrumbList\",\"@id\":\"https:\/\/teosecurity.com\/teo\/?page_id=63#breadcrumb\",\"itemListElement\":[{\"@type\":\"ListItem\",\"position\":1,\"name\":\"Portada\",\"item\":\"https:\/\/teosecurity.com\/teo\"},{\"@type\":\"ListItem\",\"position\":2,\"name\":\"Investigacion\"}]},{\"@type\":\"WebSite\",\"@id\":\"https:\/\/teosecurity.com\/teo\/#website\",\"url\":\"https:\/\/teosecurity.com\/teo\/\",\"name\":\"Somos TEO\",\"description\":\"Seguridad e investigacion Integral\",\"potentialAction\":[{\"@type\":\"SearchAction\",\"target\":{\"@type\":\"EntryPoint\",\"urlTemplate\":\"https:\/\/teosecurity.com\/teo\/?s={search_term_string}\"},\"query-input\":{\"@type\":\"PropertyValueSpecification\",\"valueRequired\":true,\"valueName\":\"search_term_string\"}}],\"inLanguage\":\"es\"}]}<\/script>\n<!-- \/ Yoast SEO plugin. -->","yoast_head_json":{"title":"Investigacion - Somos TEO","robots":{"index":"index","follow":"follow","max-snippet":"max-snippet:-1","max-image-preview":"max-image-preview:large","max-video-preview":"max-video-preview:-1"},"canonical":"https:\/\/teosecurity.com\/teo\/?page_id=63","og_locale":"es_ES","og_type":"article","og_title":"Investigacion - Somos TEO","og_description":"Tiene una situaci\u00f3n irregular en su empresa y no sabe que soluci\u00f3n implementar podemos ayudarle a utilizar diversas estrategias y tecnolog\u00edas. Cu\u00e9ntenos su caso y le haremos recomendaciones sobre qu\u00e9 equipo adquirir y el protocolo a seguir para que ahorre dinero y tiempo relaci\u00f3n costo\/ beneficios.","og_url":"https:\/\/teosecurity.com\/teo\/?page_id=63","og_site_name":"Somos TEO","article_modified_time":"2025-04-17T16:18:47+00:00","twitter_card":"summary_large_image","twitter_misc":{"Tiempo de lectura":"1 minuto"},"schema":{"@context":"https:\/\/schema.org","@graph":[{"@type":"WebPage","@id":"https:\/\/teosecurity.com\/teo\/?page_id=63","url":"https:\/\/teosecurity.com\/teo\/?page_id=63","name":"Investigacion - Somos TEO","isPartOf":{"@id":"https:\/\/teosecurity.com\/teo\/#website"},"datePublished":"2016-11-08T08:47:55+00:00","dateModified":"2025-04-17T16:18:47+00:00","breadcrumb":{"@id":"https:\/\/teosecurity.com\/teo\/?page_id=63#breadcrumb"},"inLanguage":"es","potentialAction":[{"@type":"ReadAction","target":["https:\/\/teosecurity.com\/teo\/?page_id=63"]}]},{"@type":"BreadcrumbList","@id":"https:\/\/teosecurity.com\/teo\/?page_id=63#breadcrumb","itemListElement":[{"@type":"ListItem","position":1,"name":"Portada","item":"https:\/\/teosecurity.com\/teo"},{"@type":"ListItem","position":2,"name":"Investigacion"}]},{"@type":"WebSite","@id":"https:\/\/teosecurity.com\/teo\/#website","url":"https:\/\/teosecurity.com\/teo\/","name":"Somos TEO","description":"Seguridad e investigacion Integral","potentialAction":[{"@type":"SearchAction","target":{"@type":"EntryPoint","urlTemplate":"https:\/\/teosecurity.com\/teo\/?s={search_term_string}"},"query-input":{"@type":"PropertyValueSpecification","valueRequired":true,"valueName":"search_term_string"}}],"inLanguage":"es"}]}},"_links":{"self":[{"href":"https:\/\/teosecurity.com\/teo\/index.php?rest_route=\/wp\/v2\/pages\/63","targetHints":{"allow":["GET"]}}],"collection":[{"href":"https:\/\/teosecurity.com\/teo\/index.php?rest_route=\/wp\/v2\/pages"}],"about":[{"href":"https:\/\/teosecurity.com\/teo\/index.php?rest_route=\/wp\/v2\/types\/page"}],"author":[{"embeddable":true,"href":"https:\/\/teosecurity.com\/teo\/index.php?rest_route=\/wp\/v2\/users\/1"}],"replies":[{"embeddable":true,"href":"https:\/\/teosecurity.com\/teo\/index.php?rest_route=%2Fwp%2Fv2%2Fcomments&post=63"}],"version-history":[{"count":2,"href":"https:\/\/teosecurity.com\/teo\/index.php?rest_route=\/wp\/v2\/pages\/63\/revisions"}],"predecessor-version":[{"id":467,"href":"https:\/\/teosecurity.com\/teo\/index.php?rest_route=\/wp\/v2\/pages\/63\/revisions\/467"}],"wp:attachment":[{"href":"https:\/\/teosecurity.com\/teo\/index.php?rest_route=%2Fwp%2Fv2%2Fmedia&parent=63"}],"curies":[{"name":"wp","href":"https:\/\/api.w.org\/{rel}","templated":true}]}}